ist the prime factors of o.
37
Suppose 2*s - 10 + 1 = r, -3*r - 5*s = -28. Let j be (r + -5)*(0 - 2). Suppose b = -i + 43, -j = -i - 3. List the prime factors of b.
2, 19
Let c = -2541 - -4405. List the prime factors of c.
2, 233
Suppose -4*g + 5 = -3. Let h = g + -2. Suppose h = -4*n + 8*n - 128. What are the prime factors of n?
2
Let n(j) = -7*j - 30. Let x be n(-13). Suppose -4*w - x = -d + 95, 0 = -5*d - w + 822. List the prime factors of d.
2, 41
Suppose o - g = -99, 2*o + g = -g - 206. Let u = o - -200. List the prime factors of u.
3, 11
Suppose 42 = 25*x - 28*x. Let u(i) = -14*i - 8. List the prime factors of u(x).
2, 47
Let p(r) be the first derivative of -4 + 2/3*r**3 + 11/2*r**2 + 18*r. List the prime factors of p(-9).
3
Suppose 15*h - 47*h + 51392 = 0. List the prime factors of h.
2, 11, 73
Let l(a) = 271*a + 54. List the prime factors of l(4).
2, 569
Let f = -63 - -96. Suppose h = -3*l - 3*h + 29, 5*l - 2*h = 5. Let a = f + l. What are the prime factors of a?
2, 3
Let q be (-398)/(-6) - 9/27. Let z = q + -48. What are the prime factors of z?
2, 3
Let x be 306/10 + 21/(-35). Let o be (-195)/x - 1/2. Let r(a) = a**2 + 5*a + 8. List the prime factors of r(o).
2, 11
Let l(a) = 15*a**2 + a - 4. Let s be l(4). Suppose 4*b + 2*k + 68 - s = 0, -3*b - 3*k + 129 = 0. List the prime factors of 8/12 + b/3.
3, 5
Let s = -16 + 33. Suppose -5*v + 183 + s = 0. Suppose -n + 0*n = -v. List the prime factors of n.
2, 5
Let g = -18 + 12. What are the prime factors of (24/(-16))/(g/160)?
2, 5
Let a(c) = -c**2 - 28*c - 18. Let h be a(-18). What are the prime factors of (h/10)/((-4)/(-20))?
3
Let f = 285 - -43. Let p = f - 94. List the prime factors of p.
2, 3, 13
Let h = 655 - -729. What are the prime factors of h?
2, 173
Let w(n) = -5*n**2 - 15*n - 10. Let y(r) = -4*r**2 - 15*r - 10. Let l(s) = 5*w(s) - 6*y(s). What are the prime factors of l(10)?
2, 3, 5
Suppose 13*h = 4179 - 734. List the prime factors of h.
5, 53
Let w(m) = 4*m**2 - 15 - 7*m + 0*m**2 - 2*m**2 - m**2. Suppose 0 = -h - h - 4*s + 34, -3*s + 12 = 0. List the prime factors of w(h).
3
Let v(s) = s**3 - 17*s**2 + 13*s + 17. Let n be v(17). Suppose -3*k = -n + 61. What are the prime factors of k?
59
Let l(r) be the second derivative of -r**3/6 - 3*r**2/2 + 5*r. Let v be l(-14). Suppose 0 = -m + 9 + v. What are the prime factors of m?
2, 5
Let j(x) = x**3 + 2*x**2 + 7*x - 66. List the prime factors of j(5).
2, 3
Let m be 2*(1089/6 + 1). Let k = m - 209. What are the prime factors of k?
2, 3, 13
What are the prime factors of (-6 - -7) + 93 + -3?
7, 13
Suppose 4*y - 4*i - 8 = 8, -2*i - 8 = -y. Suppose y = -a + 5*x + 8, 0 = -a - 0*a - 4*x + 17. List the prime factors of a.
13
Suppose 10*w + 1337 = -1483. Let z = 613 + w. What are the prime factors of z?
331
Suppose 28 = v + 23. Suppose v*q - 385 = -5*f, 6*q - 241 = -3*f + 5*q. What are the prime factors of f?
2, 41
Suppose -4*v = v - 15. Suppose -y = -4*a - 0*y + 217, -2*a + 91 = v*y. What are the prime factors of a?
53
Suppose 8 + 17 = -z. Suppose 2*u - 6*u = 184. Let x = z - u. What are the prime factors of x?
3, 7
Let t = 2029 - 1102. What are the prime factors of t?
3, 103
Suppose 4786 = 8*n - 1174. What are the prime factors of n?
5, 149
Suppose 1076 - 86 = -9*h. Let a = h + 222. List the prime factors of a.
2, 7
Let r(x) = x**3 - x**2 - 4*x + 2. Let t be r(3). Suppose t*l - 3*l = 95. Suppose -4*o + l = 3*y, 3*o + 5 = 2*o. List the prime factors of y.
13
Let t(y) = 21*y**2 - y + 1. Let l be t(1). Let x = 33 + l. Suppose x = 3*h - h. List the prime factors of h.
3
Let z be (4 - -1)/((-2)/(-10)). List the prime factors of 128/14 + z/(-175).
3
Suppose 2*m = 2*j - 22, m + 5*j - 18 = 1. List the prime factors of (3 - 5)*m + -1.
11
What are the prime factors of (-15637)/(-13) - ((-225)/195 + 1)?
3, 401
Suppose -106 = -5*o + 1329. Let z = o + -161. List the prime factors of z.
2, 3, 7
Suppose -3*t + 239 = 92. Let l = 272 + -265. Suppose x - t = -l. What are the prime factors of x?
2, 3, 7
Let w(c) = -13*c - 15*c + 3 - 6. Let r be w(-3). What are the prime factors of (-6)/(r/30 + -3)?
2, 5
Suppose -5*s + 2*r = -3 - 8, -5*r - 16 = -s. What are the prime factors of (s + 0 - 2) + 77?
2, 19
Let t = -63 + 273. List the prime factors of t.
2, 3, 5, 7
Let w(y) = -2*y**3 - 2*y**3 - 12*y + 13*y + 1 + 3*y**3 - 4*y**2. What are the prime factors of w(-6)?
67
Let h = 446 - 271. What are the prime factors of h?
5, 7
Let f(l) = 13*l + 31. Suppose -n = -4*p + 33, 2*n + 45 = 5*p - 3*n. What are the prime factors of f(p)?
3, 5
Suppose 20 + 7 = 9*r. Suppose 0 = -x + 5*i - 2, 70 - 19 = r*x + 4*i. What are the prime factors of x?
13
Let n(b) = -b**2 - 18*b - 2. Suppose 13 + 1 = l + 5*z, 38 = -5*l + 2*z. What are the prime factors of n(l)?
2, 5, 7
Suppose -1291 = -2*s + 5*i, s + 14*i - 16*i - 644 = 0. What are the prime factors of s?
2, 11, 29
Let x(l) = 279*l + 101. List the prime factors of x(7).
2, 13, 79
Let x = -3360 - -4875. List the prime factors of x.
3, 5, 101
Let w = -1 + 21. Let h = w + -17. Suppose -2*j = j - 2*n - 96, -5*n + 117 = h*j. What are the prime factors of j?
2, 17
Let k(y) be the first derivative of y**4/4 + 16*y**3/3 - 7*y**2/2 + 2*y + 5. Let b be k(-16). Let w = -78 + b. List the prime factors of w.
2, 3
Let x(f) = 6*f**2 - f - 1. Let y be x(1). Suppose 2*a = -y*a + 294. What are the prime factors of a?
7
List the prime factors of 1/(-2)*-17*34.
17
Suppose 0 = 3*h - 137 - 13. Let t(w) = -w - h + 50. What are the prime factors of t(-5)?
5
Let w = 14 - 8. Suppose -4*u + w = -3*u. List the prime factors of ((-68)/(-10))/(u/15).
17
Let o(h) = 7*h**3 - 2*h**2 - 2*h - 3. Let z(s) = s**3 - 1. Let g(q) = o(q) - 4*z(q). Let i be g(2). Suppose 7 + i = r. What are the prime factors of r?
2, 5
Let x(k) = 73*k**3 - 2*k + 1. List the prime factors of x(2).
7, 83
Let f(u) = u**2 + 3*u - 3. Let d be f(-3). What are the prime factors of (8/4)/6 - 74/d?
5
Let h = -80 + 1303. List the prime factors of h.
1223
What are the prime factors of (-2*2/4)/(-1) - -975?
2, 61
Suppose -2*x = -x + 5. Let r = x - -7. Suppose 4*y - r*y + 58 = 3*m, 4*m - 2*y - 74 = 0. What are the prime factors of m?
2
Suppose 2*f = -8, -4*d + f = -2*d + 90. Let s = d + 75. List the prime factors of s.
2, 7
Suppose 2*j - 24 = -w + 8, 5*w = 4*j + 146. Let l = -23 + w. Suppose 2*x + 285 = l*x. List the prime factors of x.
3, 19
Suppose 3*j = 2*j. Let d be 0 - -5 - (1 - j). Suppose 60 = d*q + 8. List the prime factors of q.
13
Suppose 0 = 3*y + 4*w - 1103, 7*w = -5*y + 3*w + 1841. List the prime factors of y.
3, 41
Let b(f) = 7*f - 8. Let z = 1 + 4. Suppose 5*i - z = 4*i. What are the prime factors of b(i)?
3
Let l be (14/6)/((-9)/27). Let t = 3 - l. What are the prime factors of 352/t + 3/(-15)?
5, 7
Let l(h) = -2*h - 4. Let x be l(-4). Suppose 0 = 5*d + x*s, 3*d + 2*s - s = 0. Suppose 23 = -d*g + g + 3*u, 5*g - u = 99. What are the prime factors of g?
2, 5
Suppose 5*u = -0*u. Suppose u = i - 2. List the prime factors of (i/3)/(12/414).
23
Let k(i) = 6*i**3 + i**2 - 2*i + 3. Let g be k(2). Suppose 3*f - g - 114 = 0. What are the prime factors of f?
5, 11
Suppose 2*g - 4*g + 6 = 0. Let f be (-2 + g)*(0 + 1). Suppose 3*t - 59 = f. What are the prime factors of t?
2, 5
Let p = -127 + 217. Let y(o) = o**3 + 10*o**2 + o + 13. Let t be y(-10). Suppose -8*n + t*n + p = 0. What are the prime factors of n?
2, 3
Let j(r) be the third derivative of -61*r**6/30 + r**5/60 + r**4/8 + r**3/3 + 31*r**2. List the prime factors of j(-1).
2, 61
Let a = 44 + -11. Let l = a - 10. What are the prime factors of l?
23
Let d(b) = -157*b + 666. List the prime factors of d(-16).
2, 7, 227
Let s = 12 - 13. Let f = s - -4. Suppose 4*n + 2*q = 2, 2*n + f*q = 4*q + 11. List the prime factors of n.
3
Let p = -677 + 1317. What are the prime factors of p?
2, 5
Let b(z) = -7*z - 10. Let g be b(9). Let j = g + 154. What are the prime factors of j?
3
Suppose 2*s + 2 = -2*i, 3*i + 6 = -2*s - 0. Suppose d + 1 = s. Suppose n + d*f - 7 = -2*f, 5*f - 20 = -5*n. List the prime factors of n.
3
Let d(f) = -f**3 + 0*f + 3*f**2 + 1 - 2*f + 5*f. Let v be 4 + -3 + (-1 - 2). What are the prime factors of d(v)?
3, 5
Let i be -30*1*(-124)/8 + 0. Suppose 5*t = i + 440. What are the prime factors of t?
181
Suppose -43*i = -29*i - 48076. What a